?
6
Suppose 5*i + 4*b - 34 = 0, 2*i + 5*b = 5*i - 13. Let l be 834/(-15) - (i/10)/(-1). Let k = l + 70. What is the tens digit of k?
1
Let k be ((-248)/(-10) - 2)/((-4)/(-10)). Suppose d + k = 377. Suppose -a = 4*a - d. What is the units digit of a?
4
Suppose -3*l = 2*q + 72, l = -4*l - 4*q - 122. Let o be (-4)/l - (-4362)/(-33). What is the tens digit of (-5 + o/(-3))*(-30)/(-9)?
3
Suppose 27 - 804 = 21*i. Let d = i + 284. What is the units digit of d?
7
Suppose -873 + 125 = -r + y, 3*r = -3*y + 2244. Suppose x = -3*x + r. What is the hundreds digit of x?
1
Let k(b) = b**3 - 18*b**2 - 12*b - 973. What is the thousands digit of k(28)?
6
Let h = 38893 + -25776. What is the tens digit of h?
1
Let i(k) be the third derivative of k**6/60 + k**5/10 - 7*k**4/24 - 5*k**3/6 - 99*k**2 - k. What is the hundreds digit of i(4)?
1
Let f(y) = 2*y**2 - 5*y - 20. Let n be f(6). Suppose -n*k + 14726 = -5822. What is the hundreds digit of k?
9
Let z(s) = 335*s**2 - 291*s - 4789. What is the units digit of z(-15)?
1
Suppose 5*m + 14 = -5*z - 11, 3*z + 9 = -m. Let l(d) = 20*d**2 - 29555*d + 0*d**2 + 29557*d - 2*d**2. What is the tens digit of l(m)?
5
Let p = 32924 - 21989. What is the ten thousands digit of p?
1
Let d(g) = g**2 - 107*g + 3044. What is the ten thousands digit of d(-97)?
2
Let d(t) be the second derivative of -t**5/20 + 7*t**4/6 - 17*t**3/6 + 13*t**2/2 + 25*t. What is the hundreds digit of d(6)?
1
What is the thousands digit of 32/(-36) - 8296990/(-585)?
4
What is the ten thousands digit of 45/(-10) - (-105506)/4?
2
Let j = 20228 - 12142. What is the tens digit of j?
8
Suppose 15 = 4*g + g, -5*g = -4*a + 609. Suppose 5*s = 16 - 406. Let c = s + a. What is the units digit of c?
8
What is the thousands digit of (-13508)/((-24)/(-18)*(-15)/10)?
6
Suppose 3*o - 4*l - 912 = 0, -4*o - 442 = 3*l - 1633. Suppose 11*n = 2483 + o. What is the tens digit of n?
5
Suppose -859*v = -266*v - 963032. What is the thousands digit of v?
1
Let j(u) = -19*u + 1. Let z be j(-1). Suppose 7*g - 2*g = z. Suppose -g*b = 3 - 11. What is the units digit of b?
2
What is the thousands digit of 16319/4 + 43/(-172)*-1?
4
What is the tens digit of 9 + (-11)/((-11)/2741)?
5
Suppose -13 = 3*q - 46. Let m(j) = -j + 2. Let w(k) = -6*k - 13. Let l(s) = 5*m(s) - w(s). What is the units digit of l(q)?
4
Let c = 2798 - 1760. Suppose 14*f = 922 + c. Suppose f + 35 = 3*h + 2*q, -2*h + 124 = 5*q. What is the tens digit of h?
5
What is the thousands digit of (-28107)/6*(-144)/27?
4
Let v = 95 + -340. Suppose -11*m - 3083 + 7945 = 0. Let q = v + m. What is the hundreds digit of q?
1
Let b = 276 + -452. Let o = b - -806. Suppose -o + 27 = -3*w. What is the units digit of w?
1
Let m(d) = -60*d + 25. Let j be m(-7). Suppose -304 = -h + j. What is the tens digit of h?
4
Suppose -6*q = -14287 + 1831. Let d be (-3)/4 + q/16. Let f = d - 72. What is the tens digit of f?
5
Let m(v) be the second derivative of 12*v**2 - 33*v + 1/2*v**3 + 0 - v**4 - 1/20*v**5. What is the hundreds digit of m(-13)?
1
Let f be (-1 - 1)*(-126)/(-21). Let o be ((-4)/f)/((-1)/(-75)). Let c = o + 150. What is the units digit of c?
5
Let y = -80299 - -141426. What is the tens digit of y?
2
Suppose -5*i - 5*b + 2050 = 0, -3*b - 1254 = i - 4*i. Suppose -x = -0*x - 3*p - i, 3*p + 1236 = 3*x. What is the tens digit of x?
1
What is the ten thousands digit of (((-4)/(-14))/((-12)/308868))/(1/(-2))?
1
What is the hundreds digit of (167 + -171)/(7239/(-7236) - -1)?
6
Let t = 563 + -537. Suppose -t*l + 36142 = 5280. What is the thousands digit of l?
1
Let c(q) = q**2 + 41*q - 4. Let p(x) = 3*x**2 + 18*x - 3. Let i be p(1). What is the units digit of c(i)?
8
Let r = 55162 - 29401. What is the thousands digit of r?
5
Let p(q) = -q**2 - q + 3. Let t be p(0). Suppose -11*d + 19 = -14. Suppose d*o + 5*u - 95 = 0, -o - t*u + 21 = -8. What is the tens digit of o?
3
Suppose -4*m + 528 = -4*j, -j + 402 = 3*m + 2*j. Let n = m + -102. Suppose -n - 29 = -k + l, -3*k - 3*l = -198. What is the tens digit of k?
6
Let g be 4/((-4 + -2)/42). What is the units digit of (-1425)/(-6) - 42/g?
9
Let n = 158 - -115. Suppose 0 = y - 660 - n. What is the tens digit of y?
3
Suppose r + 5*f - 19209 = 9613, r = 3*f + 28862. What is the thousands digit of r?
8
Let i = -748 + 750. Suppose 0 = 5*z + 5, -7961 = -5*f + i*z + 1961. What is the thousands digit of f?
1
Suppose 0 = -10*l - 5201 + 23881. What is the tens digit of l?
6
Suppose 72*l - 66*l = 6. What is the units digit of (l - -389) + -39 + 45?
6
Suppose -8*p - 15431 = -l - 13*p, 77215 = 5*l - 5*p. What is the thousands digit of l?
5
Let j = 7 + 16. Suppose 9 = -20*d + j*d. Let h(o) = 5*o - 7. What is the units digit of h(d)?
8
Suppose 3*w + 16 = 5*w. Suppose w*j = 5*j + 15. Suppose -5*a + 3*a = -2*y + 198, a = j. What is the hundreds digit of y?
1
Let k = -91 + 105. Let s(y) = 0*y + 11*y - y**2 + 9*y - 14. What is the tens digit of s(k)?
7
Let b be (3/(6/(-4)) - -8)/2. Suppose -4*z - 8*t - 465 = -3*t, -b*z + 3*t = 369. What is the hundreds digit of (z/(-25) + -2)/(2/130)?
1
Suppose 0 = 4*z - l - 1923, 2*z + 2*l + 1926 = 6*z. Suppose 8*n - 12*n + 685 = -5*o, -z = -3*n - 3*o. What is the hundreds digit of n?
1
Let r(i) = -8*i**3 - i**2 + 6*i - 8. Let a be r(-6). Suppose -a + 4276 = 6*h. What is the tens digit of h?
3
Let m(i) = -i**3 + 11*i**2 + 11*i. Let u be m(12). Let r(s) = s**2 - 12*s - 2. What is the hundreds digit of r(u)?
2
What is the tens digit of 2/3 - (-840)/270*9606/4?
7
Let o = -9092 + 27605. What is the hundreds digit of o?
5
Let u(i) = -6*i**2 - 13*i + 70. Let h(m) = -7*m**2 - 14*m + 69. Let t(k) = -5*h(k) + 4*u(k). What is the tens digit of t(6)?
3
Suppose 0*v = 2*v - 0*v. Suppose v = 6*h + 148 - 3724. Suppose 5*l - h = 34. What is the units digit of l?
6
Suppose -2*m - 4*x + 16 = 0, 3*m = 3*x + 1 - 4. Let s be m/6*(-1 - -13). What is the tens digit of (-2172)/(-18) + s - 2/(-6)?
2
Let a = -3470 + 14968. What is the hundreds digit of a?
4
Suppose 4*c = 5*o + 13, 4*c + 4 = 4*o + 16. Suppose -j + 408 = 4*z - z, -c*z = -5*j + 2091. What is the units digit of j?
7
Let z = -63590 + 109062. What is the hundreds digit of z?
4
Suppose 2*o + 3815 = -4*v + 7*o, -v = o + 965. What is the units digit of 90/(-9)*v/25?
4
Suppose -2758 = -9*q - 1111. Let b = 191 - q. What is the units digit of b?
8
Let a = 254 + -131. Suppose k - a = -y, -2*y - 5*k + 4*k + 250 = 0. Let t = y + 1. What is the hundreds digit of t?
1
What is the hundreds digit of 156/1170 + (18538/15 - 2)?
2
Let q be 6054/22 + (-10)/55. Suppose -4*p = -5*a + q, 3*a - 29*p - 165 = -27*p. What is the units digit of a?
5
What is the thousands digit of 1*(0 - -2219 - 1)?
2
Suppose -22 = -5*f - 2. Let i(j) = 5*j + 152. Let m be i(-21). Suppose -165 = -f*w + m. What is the tens digit of w?
5
Suppose -5*x - 610 = 3*h, -h - x - 1046 = 4*h. Let q = h + 1051. What is the units digit of q?
1
Let r(s) = s**2 - 11*s + 16. Let w be r(12). Suppose 2*v = 3*a - a + w, -3*v - 5*a = -42. Let l = v - -99. What is the units digit of l?
3
Let j(f) be the first derivative of f**4/4 + 7*f**3/3 + 2*f**2 - 10*f + 4. Let i be j(-6). What is the units digit of -2*i - (-5 + -41)?
2
What is the thousands digit of 372/620*(1*-1 + 79736)?
7
Suppose -89*x = 219105 - 790841. What is the hundreds digit of x?
4
What is the hundreds digit of 2/(-10) - 1602246/(-30)?
4
What is the ten thousands digit of 24528 - -13 - ((0 - 4) + (3 - -9))?
2
Suppose -6 = -2*y, 2*m + 2*m - 412 = -4*y. Suppose m - 328 = -4*v. Suppose 52*f = v*f - 220. What is the tens digit of f?
4
Suppose 624 = 5*j - t - 4345, t + 2983 = 3*j. Suppose 3*w - 1983 = -2*d, -9*d + 8*d = 3*w - j. What is the hundreds digit of d?
9
Suppose 0 = 2*f + 22 - 28. What is the hundreds digit of 1 + 146 - ((1 - 1) + f)?
1
Let l = -214 - -322. Let y = 54 - l. What is the units digit of y/(-13) + 1*6/(-39)?
4
Let j = -23 - -25. Suppose 2*v = -j*h - 0*h, 0 = -2*h - 3*v + 3. What is the units digit of 3/1 - 18/h?
9
What is the units digit of 14 - (7 + -6 + -31780)?
3
Let f = 18293 - -9069. What is the hundreds digit of f?
3
Suppose -148*b = -3785335 - 219614 + 751613. What is the ten thousands digit of b?
2
Let j = -14436 - -14494. Let l = 84 + -55. What is the hundreds digit of (1 + l/3)/(j/783)?
1
What is the units digit of (-1)